ivided by o?
4
Let q be (-1 - -7 - 3)*298/(-6). Let d = 54 + q. Let j = d - -195. What is the remainder when j is divided by 17?
15
Let f = 1003 + -981. Suppose 2*n - 4*v = -128 + 400, 644 = 5*n + 2*v. What is the remainder when n is divided by f?
20
Suppose -41 = -a - 11. Suppose -5*q - 69 = 3*b, 12 + 0 = -2*q. Let s = b + a. Calculate the remainder when 152 is divided by s.
16
Let c = 8736 + -8158. What is the remainder when 1755 is divided by c?
21
Let z = 35 + -34. Let n = -113 + 134. Calculate the remainder when n is divided by z.
0
Suppose -5*z = -7 - 8. Suppose -z + 59 = 4*t. Calculate the remainder when (-387)/30*-2 - 9/(-45) is divided by t.
12
Suppose b = 2*k - 6*k + 137, 0 = 4*k + 2*b - 134. Let t(r) = 24*r + 577. Calculate the remainder when t(-17) is divided by k.
29
Suppose -3*h + 3*q = -207, -2*h + 38*q + 154 = 34*q. Calculate the remainder when 8050 is divided by h.
59
Suppose -56*u + 11 + 884 = -1. Let i(v) = v**3 - 13*v**2 + 8*v - 25. Calculate the remainder when i(13) is divided by u.
15
Suppose -26782*n + 17505 = -26777*n. Calculate the remainder when n is divided by 27.
18
Suppose n - 2*q - 228 = q, -5*q = n - 236. Suppose 2*s + s = n. Calculate the remainder when s is divided by 22.
11
Calculate the remainder when 84/(-9)*(-972)/8 - -7 is divided by 104.
101
Suppose -g = 457 - 763. What is the remainder when g is divided by 51?
0
Let h(u) = 7*u**2 - 26*u - 105. Calculate the remainder when 431 is divided by h(-4).
98
What is the remainder when 4 + (-639384)/(-116) - ((-80)/(-232))/(-5) is divided by 15?
11
Let w(h) = -h**3 - 9*h**2 - 4*h - 30. Let g be w(-9). Let b(y) = 2*y**2 - 2*y - 21. What is the remainder when b(g) is divided by 11?
6
Let q(w) = 18*w**3 - 124*w**2 + 16*w - 24. Calculate the remainder when q(8) is divided by 66.
64
Suppose -3*g - 9 = -5*w, w + 3 + 0 = -g. Let r = w - -6. Suppose 3*v - 63 = -4*s, -s = 4*v - 8 - 11. What is the remainder when s is divided by r?
3
Let p(m) = -115*m + 61. Let u be p(-11). Suppose 72*z - u = 33*z. Let o = 5 + 8. What is the remainder when z is divided by o?
8
Calculate the remainder when 51/2*(-8)/(-4) is divided by ((-10)/(-30))/(775/(-390) + 2).
25
Let s(k) = -10*k - 2. Let y be (63 - 3) + 2 + 0. Suppose 3*n - c - 15 = 30, -2*c - y = -4*n. What is the remainder when s(-7) is divided by n?
12
Suppose -3*w - 4 = -4*g + 3, 5*w + 5 = 5*g. Suppose -132 = -r - l, 0 = w*r + 4*l - 413 + 21. What is the remainder when 39 is divided by 7*(-2 + r/28)?
19
Suppose 28*y - 7571 = -69*y - 16*y. Calculate the remainder when 592 is divided by y.
56
Let v(c) = -c**2 + 18*c + 29. Let m(b) = 20*b**2. Let u be m(1). Let p be v(u). What is the remainder when 21 is divided by (-2)/(-1) - 2/2 - p?
9
Suppose -10*i + 709 = -4*s - 11*i, -2*s = -4*i + 350. What is the remainder when 203 is divided by 204/10*(-590)/s?
67
Let m = 2982 + -2912. Suppose -i = -f + 15, 2*i + 18 = 5*f - 0. Let g = m - i. What is the remainder when g is divided by 18?
17
Suppose 1196 = -76*p + 89*p. What is the remainder when 246 is divided by p?
62
Let x = 93 - -15. Let v = -946 - -944. What is the remainder when x is divided by (-7)/((-1)/(-8)*v)?
24
Let j = 85 + -85. Let f(i) = 20*i - 14*i - 15*i + 27 + 22. What is the remainder when 145 is divided by f(j)?
47
Let g = -589 + 995. Calculate the remainder when g is divided by (-72)/3*-1 - (22/2 - 11).
22
Let p = -3705 - -3772. Calculate the remainder when 4620 is divided by p.
64
Suppose 13*q - 4862 = -21*q. Calculate the remainder when 167 is divided by q.
24
Let d(n) be the first derivative of 7/3*n**3 - 1/4*n**4 - 2*n**2 - 4 + n. What is the remainder when 91 is divided by d(5)?
29
Suppose -12 = -4*m + p, 5*p - 1 = -2*m + 5. Suppose -12*w + m*w = -81. What is the remainder when 4/(16/(-12))*(-51)/w is divided by 5?
2
Let d(j) = 2*j**2 - 39*j - 47. Let f be d(21). Suppose -5*v + v + f = 0. Suppose -8*p + 4*p + 24 = 0. Calculate the remainder when p is divided by v.
2
Suppose r = -7*n + 171 - 133, 5*n = -3*r + 66. Calculate the remainder when 834 is divided by r.
1
Let z(u) = -u**3 - 3*u**2 - 11*u - 7. What is the remainder when 386 is divided by z(-3)?
22
Suppose 27*f - 320 = -321 + 1972. What is the remainder when 500 is divided by f?
62
Let y = -317 - -559. What is the remainder when y is divided by ((-138)/(-6) + -20)*147/9?
46
Suppose -3*k + 5*p = -212, -158 = -2*k + 218*p - 223*p. What is the remainder when k is divided by 5?
4
Let v(s) = 134*s + 2190. Let n = -33 - -59. Calculate the remainder when v(-16) is divided by n.
20
Suppose -3*q = -3*x - 25 - 5, -2*q + 17 = -3*x. Suppose 1314 = -4*v + q*v. What is the remainder when v is divided by 39?
29
Suppose -46*v = -5628 + 1717 - 1885. What is the remainder when 1635 is divided by v?
123
Suppose -19*o - 29*o + 26372 = -26764. What is the remainder when o is divided by 159?
153
Suppose -l + 29 = 3*s, -s - 97 = 181*l - 184*l. Calculate the remainder when 5467 is divided by l.
27
Suppose 36*s + 10 = 5*j + 31*s, -5*j - s + 22 = 0. What is the remainder when 214 is divided by j?
2
Let b = 4598 - 4428. Calculate the remainder when b is divided by 21.
2
Suppose 5*r - 4 - 21 = 0. Suppose -4*b + 94 = -2*c, 0*b - 67 = -3*b + r*c. Calculate the remainder when b is divided by 8/44 + 480/22 - 5.
7
Let p = -1938 + 1957. What is the remainder when 200 is divided by p?
10
Let p = 98 + -560. Let w be 2/(-11) - (-7)/(p/(-144)). Suppose q + w = 8. Calculate the remainder when 11 is divided by q.
5
Let n = 89 + -82. Suppose 0 = m + d + 138, 3*m = n*d - 3*d - 442. Let y = -65 - m. What is the remainder when y is divided by 20?
17
Suppose 3*v - 2*b - 327 = 0, 2*v = -b - 33 + 251. What is the remainder when 2179 is divided by v?
108
Let g(c) = -8*c**2 + 89*c - 12. Let r be g(11). Calculate the remainder when r/(-2)*(-25668)/(-23) is divided by 56.
54
Let w(v) = -13*v**2 + 15*v - 56. Let y(t) = 23*t**2 - 29*t + 111. Let z(n) = 5*w(n) + 3*y(n). Calculate the remainder when z(6) is divided by 46.
33
Let z(q) = 16*q**3 + 5*q**2. Let a be z(-2). What is the remainder when 32 is divided by (8/12 + -1)*a/3?
8
What is the remainder when 902 is divided by 3784/(-645)*-30 - (3 + 2/(-2))?
32
Suppose 277*b + 58961 = -315*b + 383969. What is the remainder when b is divided by 268?
13
Suppose -3*g + 43 = 1. Suppose -c + s = -94, -49*c - 4*s + 3818 - 60 = 0. What is the remainder when c is divided by g?
8
Let k = -182 + 229. What is the remainder when 166 is divided by (-3)/9*(-10 - k)?
14
Suppose -210*l + 209*l = -3*z + 4785, z + 3*l = 1585. Calculate the remainder when z is divided by 12.
10
Suppose 4*c + 14 + 166 = 0. Let s = -11 + 26. Calculate the remainder when (4 - (-144)/c)*175/2 is divided by s.
10
Calculate the remainder when 311*46/138*(0 + 3) is divided by 38.
7
Let j = -48 - -57. Let l be 14/(-2)*10/(-35). Suppose 5*b - 175 = -5*u, 3*b + 6*u - 108 = l*u. Calculate the remainder when b is divided by j.
5
Let t(c) = -10*c**2 + 129*c - 6. Let u be t(12). Suppose 2*b = -3*b - 440. Let w = u + b. What is the remainder when 69 is divided by w?
13
Let l = -218 + -1916. Calculate the remainder when (3/(-2))/(11/l) is divided by 42.
39
Let x = 187 - 181. Suppose -196 = -x*d - 10. What is the remainder when 153 is divided by d?
29
Let i = -75 - -105. Suppose 2*q - i = -2*a, a - 2*q = 6 + 6. Calculate the remainder when 44 is divided by a.
2
What is the remainder when 1817 is divided by (9/108 + (-20)/(-12))*4?
4
Suppose -35 = -11*y - 13. Let b = -1531 + 2851. Calculate the remainder when 88 is divided by b/45 + y*2/6.
28
Let x(h) = 4*h**2 - 100*h - 7. Calculate the remainder when x(-7) is divided by 89.
88
Let a(t) = -t**2 - 3*t + 71. Let b(j) = j. Let x(v) = -a(v) + 2*b(v). What is the remainder when 124 is divided by x(-13)?
25
Let t = -56 - -84. What is the remainder when t is divided by 8 + -12 + 4 - (-12)/2?
4
Suppose -8*s + 5 = -3*s, -5*q - 4*s + 989 = 0. What is the remainder when q is divided by (-7144)/228 - -79 - -1*21/9?
47
Let d = -21 + 17. Suppose -3*j = -8*j + 50. What is the remainder when 6/d*-26 - 3 is divided by j?
6
Let i(g) = -94*g + 2380. What is the remainder when (1 + -2)*(1 - 85) is divided by i(25)?
24
Suppose 3*m = -3*s + 4251, -5234 = -3*m - 5*s - 973. What is the remainder when m is divided by 157?
156
Let n = -5724 + 